g = -5463 + 5446. What is s(g)?
2
Let h(r) = r**2 + 72*r - 2098. Let n be h(22). Let o(t) = -t**2 - 30*t - 26. What is o(n)?
-26
Suppose 483 + 552 = 1035*z. Let q(u) = -26*u - 6. Let p(o) = o + 1. Let h(k) = 4*p(k) + q(k). Determine h(z).
-24
Let z(q) be the first derivative of -4*q**2 + 65 - 1/3*q**3 + 2*q. Calculate z(-6).
14
Suppose 2*w + 20*w + 60*w = 984. Let p(j) be the first derivative of -j**3/3 + 6*j**2 + 4*j - 1. What is p(w)?
4
Let g(p) be the third derivative of -p**5/30 - 7*p**4/12 - 2*p**3/3 + 466*p**2 - 1. Determine g(-9).
-40
Let c(r) = -31*r**3 + r**2 + r - 1. Suppose -3*a - 20 = 1, 0 = 4*p - 4*a - 24. Determine c(p).
30
Let r be 1/6*9*6*(1 + -2). Let o(j) = -j**3 - 8*j**2 + 8*j + 15. Determine o(r).
24
Let a(v) = 3*v**3 - 20*v**2 - 4*v - 24. Let k = 3538 + -3531. Give a(k).
-3
Let n(k) = 15*k**3 + 94*k**3 + 2 - 106*k**3 + 0 - 3. Let v be (-1 + 0)/(-1 - -2). Calculate n(v).
-4
Let c(r) = -4*r + 0*r**3 + 10*r - 6*r**2 + r**3. Suppose 1592 - 1496 = 24*o. Determine c(o).
-8
Let j = 40592 - 40601. Let a(x) = 6*x - 17. What is a(j)?
-71
Let p = -1 + 0. Let w(i) = -2*i**3 + i**2 - i - 1. Let o(m) = -2*m**3 - 527*m + 5 - 4*m**2 + 265*m + 268*m. Let u(s) = o(s) + 4*w(s). Calculate u(p).
9
Let r(g) = -g - 1. Let w(k) = 3*k + 33. Let a be w(-10). Suppose 5*b = -2*i - a*i + 75, -i + 5 = -4*b. Suppose -i*h + 7*h = 18. Determine r(h).
2
Let s = -11101 + 11129. Let x(y) = -y**3 + 29*y**2 - 31*y + 25. Give x(s).
-59
Let h be ((-10)/(-4))/((-30)/(-744)). Let w(s) = -5 - 5 + 8 + 58*s - h*s. Calculate w(-3).
10
Let z(l) = 2*l + 13. Let o(i) be the first derivative of 5*i**2/2 - 97*i + 73. Let t be o(18). Give z(t).
-1
Let m(q) = 2*q**2 - 83*q - 47. Let z be m(42). Let b(v) = 18*v - 13. Let k(i) = -31*i + 27. Let o(u) = z*b(u) - 3*k(u). Calculate o(4).
-4
Let t(w) = w**2 - 344*w - 688. Let h be t(-2). Let f(r) = r**3 - 6*r**2 + 3*r + 2. Give f(h).
-18
Let r(j) = j - 4. Suppose -4*y - t = 23, 3*y + 32 = -y - 4*t. Let b(z) = -4*z**2 - 8*z - 3. Let s be b(y). Let v = s - -59. Determine r(v).
-8
Let j(s) be the second derivative of -s**3/2 + s**2/2 + 17*s - 1. Suppose -20*b - 10*b = 120. What is j(b)?
13
Let g(l) = -11*l + 49. Let s(k) = -k**2 - 228*k - 1756. Let i be s(-8). Give g(i).
5
Let w(s) = -s**3 + 8*s**2 + 2*s - 8. Suppose -7*u + 4*u + 4*d + 83 = 0, 5*u = 2*d + 115. Suppose u*j - 245 + 77 = 0. What is w(j)?
8
Let p(l) = -3*l - 21. Let i(a) = 20*a + 312. Let y = -361 + 345. Let v be i(y). Calculate p(v).
3
Suppose -23 = 5*r + i, 3*r - 3*i + 3 = -0*r. Let x(a) = -5*a**2 - 31 + 31 + 4 - 1 - a**3. Determine x(r).
-13
Let j(z) = 6*z - 53. Let u(o) = 3*o - 26. Let d(c) = 3*j(c) - 5*u(c). Let x be d(11). Let l(q) = 2*q + x*q - 233 + 112 + 116 + q**2. What is l(-5)?
-10
Let d(c) be the third derivative of c**5/60 + 7*c**4/12 + 25*c**3/3 - 2*c**2 + c. Let n be d(-8). Let h(k) = -k**3 + 2. Calculate h(n).
-6
Let p(j) be the second derivative of -1/2*j**2 + 0 - 10/3*j**3 - 3*j. Let o be (3 - (-2 + 2)) + (-20)/10. Determine p(o).
-21
Suppose 0 = -23*z + 28*z - 125. Let d(q) = q**2 - z*q + 11*q + 10*q + 1 + 4. Calculate d(5).
10
Let j(s) = 5*s**2 - 4*s + 3. Let t(v) = -5*v + 207 + 5*v**2 + 206 - 409. Let n(z) = 5*j(z) - 4*t(z). What is n(-1)?
4
Let k(n) = n + 4. Let f be ((-1254)/(-44))/(1/2). Let w = 108 - f. Let h = -57 + w. Determine k(h).
-2
Let s be 4 - 3/(((-108)/8)/9). Let m be ((-10)/s)/(-5 - (-120)/27). Let h(l) = 2*l + 1. What is h(m)?
7
Let f(l) = 5 - 61 - l**2 - 1 - 22*l. Let s be f(-3). Let i(a) = a**2 - a - 10. Let q(n) = -n**2 + n + 11. Let b(w) = -2*i(w) - 3*q(w). Determine b(s).
-13
Let f = -83 - -91. Suppose 0 = i - 0*i - 3*s, -s = i + f. Let b(p) = p - 7. Determine b(i).
-13
Let o(f) = 4*f - 78. Let r(u) = u**3 - 4*u**2 + 30*u - 96. Let d be r(4). Give o(d).
18
Let q(l) = l - 4. Let m(f) = -10*f - 15. Let x be m(-2). Suppose 3*b = -5*n + x, -b = -6*b + 3*n + 31. Give q(b).
1
Let q = -43 - -38. Let t(z) = -3*z - 12. Let v be t(q). Let y be (30/(-9))/(v/9). Let d(k) = -k**2 - 11*k - 5. Calculate d(y).
5
Let c(v) = 7*v - 6 - 7*v + 3*v + 0*v. Suppose 2*w - 86 = d - 83, 3*w - 22 = -2*d. Calculate c(w).
6
Let u(s) = 32*s**3 - 8*s**2 + 21*s + 5. Let p(d) = -27*d**3 + 6*d**2 - 18*d - 5. Let x(v) = -7*p(v) - 6*u(v). Calculate x(2).
5
Suppose -8*j = 5*j - 559. Let o = j + -40. Let b be (-9)/(36/(-8) + o). Let w(l) = -l + 12. Determine w(b).
6
Suppose 3*h = -o - 11, -4*h + 25 = 45. Suppose -o = -x, -3 = -8*z + 11*z - 3*x. Let r(g) = g - 5. Determine r(z).
-2
Let x(q) be the third derivative of q**6/60 + 4*q**5/15 - 5*q**3/3 - 2831*q**2. What is x(-8)?
-10
Let d(o) = -o + 5. Let i be d(5). Let g(m) be the first derivative of m**4/4 - m**3/3 - 6*m + 6933. Determine g(i).
-6
Let v = -54 + 63. Let i(l) = 2*l**2 + 0*l**3 - 6*l + 11*l**2 - v*l**2 + l**3. Suppose 7*c = 5*c - h - 6, 5*h = c + 25. Determine i(c).
5
Let c = 93 - 93. Let j be -2 - c - (17 - 22). Let a(q) = -8 + 9 + j + 2*q. What is a(7)?
18
Let r(d) = -d**3 - 51*d**2 - 148*d - 196. Let p be r(-48). Let c(y) = -y**2 + 50*y + 213. Calculate c(p).
-3
Let a be (-2 + 0 - -2) + 18. Let q = 574 + -559. Let u = q - a. Let b(k) = -k**3 - 5*k**2 - 4*k + 1. Determine b(u).
-5
Let t(l) = l**3 - 4*l**2 - 5*l - 5. Suppose 0 = -53*k + 50*k + 105. Let u(a) = a**2 - 36*a + 40. Let x be u(k). Calculate t(x).
-5
Let r(f) = -f**3 + 7*f**2 - 2*f + 9. Suppose 7*z + 60 = 22*z. Suppose -5*w - 35 = 5*x - 10*x, 4*w + z = 0. What is r(x)?
33
Let q be 52/((-154)/(-11) - 12). Let r(v) = v**2 - 32*v + 49. Determine r(q).
-107
Let n(y) be the third derivative of 0*y + 1/6*y**3 + 0 - y**2 + 1/24*y**4. Let c(b) = -866*b**2 - 7798*b - 30. Let m be c(-9). Calculate n(m).
7
Let m(j) = -3*j**2 - 20*j - 11. Let u(z) = -8*z**2 - 45*z - 22. Let w(b) = -5*m(b) + 2*u(b). Determine w(10).
11
Suppose 0 = -3*r, 2*v + 3*r + 20 = -2*v. Let t(o) = 11*o - 44*o - o**2 + 24*o - 4. Let h(b) = 4*b**2 + 37*b + 16. Let w(i) = 2*h(i) + 9*t(i). Calculate w(v).
6
Let h(l) = -7*l**2 - 14*l - 24. Let x(y) = -20*y**2 - 41*y - 68. Suppose -2*f + 3*f = n + 19, -f + 3*n = -23. Let d(w) = f*h(w) - 6*x(w). Give d(-8).
0
Let t(n) = -17*n + 1. Let i(p) = -186*p + 74. Let m(g) = -i(g) + 11*t(g). What is m(29)?
-92
Let r be (6 - -5)/(6/18). Suppose -r*q = -9*q - 192. Let n(w) = -w + 11. Give n(q).
3
Let h(f) be the first derivative of f**4/4 + f**3/3 - f**2/2 + 3*f + 8. Let z = 4 - -5. Suppose z*y = y + 5*y. Determine h(y).
3
Suppose -6*d + 26 = 14. Suppose -3*g - d*a = -14 - 14, 0 = -4*g - 3*a + 38. Let f(j) = g*j + 46*j**2 - 3*j + 4 - 45*j**2. Calculate f(-4).
0
Let m(c) = -8*c + 84. Let f be m(8). Let v(y) = -15 + 7*y - f*y + y**2 + 4 + 9*y. Calculate v(-2).
1
Let a(k) = 5*k**3 - 2*k**2 - 6*k - 6. Let s = -3 - -5. Let m(y) = -4*y**3 + 7 - s*y**3 + 58*y**2 + 7*y - 55*y**2. Let g(f) = -4*a(f) - 3*m(f). Calculate g(-2).
9
Let h be (-304)/(-48) - 4/3. Suppose x = -2*x + b - 17, -3*x - 5*b - h = 0. Let d(w) = -3. Let u(a) = -a + 4. Let y(c) = 3*d(c) + 2*u(c). Calculate y(x).
9
Let i(k) be the third derivative of 1/120*k**6 + 0 - 1/12*k**4 - 2/15*k**5 + 11/6*k**3 + 173*k**2 + 0*k. Determine i(8).
-5
Let q(j) = 5*j + 34. Let n(k) = k - 15 + 7 + 0 - 2*k. Let w(s) = 9*n(s) + 2*q(s). What is w(11)?
7
Suppose 120 + 251 = -83*b + 76*b. Let w(m) = -m**3 - 52*m**2 + 51*m - 105. Determine w(b).
1
Suppose 121 - 43 = 2*c. Suppose -10*h + 21 + c = 0. Suppose -11*j = -h*j - 25. Let y(l) = -l**2 + 5*l + 3. Give y(j).
3
Let k(i) = -i. Let w(x) = 3*x + 1. Let j(n) = 5*k(n) + w(n). Suppose -3*q = 5*g + q - 68, 0 = -3*g - 2*q + 40. Suppose -32*h = -36*h - g. Give j(h).
7
Let v(u) = u**3 - 5*u**2 + 5*u - 7. Let d be v(4). Let o(m) be the second derivative of m**3/2 + 2*m**2 + 1616*m. Calculate o(d).
-5
Let i(q) be the third derivative of -q**4/12 + 2*q**3/3 + 33609*q**2. Let n be (-12)/(-2) - (0 + 2). Let p = n - 8. Give i(p).
12
Suppose -19*t + 49 = -18*t. Suppose -51*i = -t*i - 2. Let g(y) = -2*y**2 - 3*y + 2. Determine g(i).
-3
Let u(q) = 41*q - 8. Let a be u(2). Suppose -3*n + 17 = j - a, 2*j - 152 = -5*n. Let x(r) = -r**2 - n*r + 3*r + 17*r - 6. Determine x(-7).
15
Let k = 8632 - 8651. Let f(r) = r**3 + 19*r**2 - 2. Give f(k).
-2
Let l(c) be the second derivative of 13*c**3/3 + 141*c**2 - 85*c - 8. What is l(-11)?
-4
Let w(p) = p**2 + 30*p - 49. Let f be w(-30). Let d =